 71. Let p be n(q). What is the greatest common factor of p and j?
3
Suppose -125*d - 128*d = -284*d + 775. What is the greatest common factor of d and 6575?
25
Let z(g) = 4*g**2 - 1. Let k be z(-1). Let t be (4 + -7)/(k/110). Let c = t - -130. What is the greatest common divisor of c and 140?
20
Suppose 0 = -4*b + 316 - 104. Let h be (2226/15)/(-7)*(-30 - -20). Calculate the greatest common divisor of h and b.
53
Let n(s) = -3*s - 63. Suppose 685 = -27*v + 64. Let t be n(v). Calculate the highest common divisor of t and 174.
6
Let c = -5 + -3. Suppose 18*l = 40*l + 44. Let g be (0 - l) + 8/c. Calculate the highest common factor of 6 and g.
1
Let w be 77/42 - (-3 + 102/36). Calculate the greatest common factor of w and 33.
1
Let m(y) = 78*y - 177. Let s(o) = o**2 - 76*o + 176. Let i(k) = 3*m(k) + 2*s(k). Let q be i(-47). Calculate the highest common factor of 10 and q.
5
Let d = -4612 + 11494. What is the greatest common divisor of d and 444?
222
Let z be 8/(-3)*(-14976)/256. Calculate the highest common divisor of z and 2844.
12
Let i = 253 - 474. Let x = 253 + i. Calculate the highest common divisor of 80 and x.
16
Suppose 0 = 3804*u - 3818*u + 27 + 729. Let z = 0 + 5. Suppose -q + z*q = 48. What is the highest common factor of q and u?
6
Suppose -4*c + r + 62 = -1, 0 = 2*c - 4*r - 28. Let q(w) = -13*w**2 - 2*w - 2. Let d be q(-4). Let s = -122 - d. What is the highest common divisor of c and s?
16
Let r(t) = 11*t**2 - 4*t + 1. Let g be r(1). Suppose 3*p - g*p = -4*k - 2340, 0 = 4*k + 20. Calculate the greatest common factor of p and 58.
58
Suppose -39*i - 817632 = 24*i - 95*i. Calculate the greatest common factor of i and 153.
153
Suppose -q + 17 + 2 = 4*v, -v - 2*q = -10. Let u be 1 - (-1)/(v/2432). Let l = u - 424. What is the highest common factor of l and 74?
37
Suppose 22*z - 35 = 14*z + 12949. Calculate the greatest common divisor of 3 and z.
3
Let h be (12/(-9))/((-1196)/(-240) + -5). What is the highest common factor of h and 29920?
80
Let x be 197 + -11 - (-1 - (-5)/1). Suppose 88*q - x = 75*q. What is the greatest common divisor of 91 and q?
7
Let v = 5375 - 5341. What is the highest common divisor of 64 and v?
2
Let k = -101 + 145. Let s be (-35)/(-20) - 0 - 2/(-3)*1332/96. Calculate the highest common divisor of s and k.
11
Let s be (21/(-6))/(23/(-46))*8. Calculate the highest common divisor of s and 472.
8
Let g be 2/(-1) + 60 + 2. Let i = g + -54. What is the greatest common divisor of 114 and i?
6
Let x = -536 - -680. Let o(s) = s**3 + 6*s**2 + 7*s + 12. Let z be o(-5). Let t(q) = 8*q - 4. Let r be t(z). What is the highest common factor of r and x?
12
Let u be 1/(182/(-61) - -3). Suppose 78*n - 47602 + 9538 = 0. Calculate the greatest common divisor of n and u.
61
Let u be 538 - 75 - 33/(-1 + -2). Calculate the highest common divisor of 7742 and u.
158
Let k = -16 + 1. Let m(d) = d**3 + 14*d**2 - 12*d + 37. Let x be m(k). Let l be (-106)/(-9) - x/36. Calculate the highest common divisor of l and 48.
12
Let h = 1106 + -631. Let l = h - 446. Calculate the greatest common factor of l and 203.
29
Let s(l) = -110*l - 438. Let r be s(-5). Suppose r*j - 105*j = 378. Let g = -73 + 109. What is the greatest common factor of j and g?
18
Let d(x) be the second derivative of 7*x**4/12 - x**3 - 11*x**2/2 - 485*x. Let p = -8 + 5. Let g be d(p). What is the greatest common factor of 10 and g?
10
Let r(w) = -24*w + 210. Let d be r(9). Let x be (5 + d)*-7 - -252. Let c = -38 - -75. What is the greatest common divisor of x and c?
37
Let v be (-1 - -487)/(((-3)/36)/((-15)/180)). What is the highest common divisor of 1476 and v?
18
Let c(n) = 13*n**2 - 31*n - 71. Let f be c(-16). What is the greatest common factor of f and 135?
27
Let r = 771 + -655. What is the greatest common divisor of r and 812?
116
Suppose -144*a + 145*a + 14 = 0. Let d = a + 20. What is the greatest common factor of d and 6?
6
Suppose 10 = a - 5*j - 7, 0 = -4*a - 4*j + 188. Let d = 2655 + -2599. Calculate the highest common divisor of a and d.
14
Let u be (1/(-5) + (-3)/120*-184)*5. Calculate the highest common factor of u and 8558.
22
Suppose -2*r = -3*u, 4*u + 2*r + 3*r = 0. Let j be 44 + u/(8 - 2). Calculate the highest common factor of j and 33.
11
Let t(g) = g**2 + 17*g + 91. Let y be t(-13). Suppose -44 = -2*s - 15*m + 19*m, -2*s + y = -3*m. Calculate the greatest common factor of 114 and s.
6
Suppose 8*q = -4*q - 24. Let n(v) = -14*v**3 + 11*v**2 + 17*v + 3. Let a be n(q). Calculate the greatest common divisor of a and 100.
25
Suppose -2*g - 5 = 2*x + 7, g + 4*x = 6. Let o be 5/(g/(-4)) + 284. Suppose -5*b + 130 = -0*b. What is the highest common factor of o and b?
26
Suppose o + j - 12 = 0, 31*j - 56 = -3*o + 33*j. What is the greatest common factor of 1264 and o?
16
Let b = 35 - 2. Suppose 4*i - 249 + 57 = 0. Let d = -26 + i. Calculate the highest common divisor of b and d.
11
Let o = -968 - -977. Suppose y = 4*r - 12, -y + 103 = -5*y + 5*r. Let q be (-2 - y/10)*60. Calculate the greatest common factor of q and o.
9
Suppose 5*o = -40 + 185. Let j be ((-21)/(-3) - -23) + -8 + 9 + -2. What is the highest common factor of j and o?
29
Let h be ((-15)/(-5) + -2)*-5. Let s be 186/(-4)*h*2. Suppose l - 3*q + s = 3*l, 0 = 5*l - q - 1120. Calculate the highest common divisor of 45 and l.
45
Let y be ((-540)/(-1350))/((-2)/(-110)). What is the greatest common factor of y and 1199?
11
Let t(b) = 6*b - 39. Let k be t(7). Suppose -k*i - 2*w = 2*w + 30, w + 9 = -i. Let z be (27/i - -4)*-78. What is the greatest common factor of z and 39?
39
Let b = -76 - -86. Suppose -4*w + w + 5*c = -14, -w - c = -b. Suppose 17*a - 16*a = w. Calculate the greatest common factor of a and 1.
1
Let k(j) = 30*j**2 - 3*j + 3. Let q be k(-5). Let l = 37041 + -37017. Calculate the highest common factor of q and l.
24
Suppose 0 = -8*b + 13*b - 25, 0 = 4*i - 3*b - 1469. Suppose 356 = -a + i. Calculate the greatest common factor of a and 195.
15
Let a = -4664 - -4667. Suppose -11 = 4*r - 3, -2*t - 3*r = 0. Suppose -t*s + 284 = -k + 3*k, a*k = 4*s - 390. What is the highest common factor of s and 12?
12
Suppose -3*v = 207 - 297. What is the greatest common divisor of v and 720?
30
Let n be (-113)/(-14) + (-3)/42. Let h be ((-12)/(-9))/((-4)/(-1008)*n). Calculate the greatest common divisor of 1302 and h.
42
Suppose 247*c - 119*c - 6 = 122*c. Calculate the greatest common factor of c and 16.
1
Suppose -235*i = -231*i - 12 - 52. Calculate the highest common divisor of 1396 and i.
4
Let t be ((-2)/1 - -7) + (-1 - (-2 + -54)). Let x = -33 - -57. What is the greatest common divisor of t and x?
12
Let j(s) = 3 - 5*s - 7 - 2 + 2*s**2. Let f be j(-3). Let y(c) = -c**2 + 12*c + 27. Let t be y(12). What is the highest common divisor of t and f?
27
Let l be (153/12)/((5 - 2)/12). Suppose -75 = -6*x + l. Let g be (144/(-32))/((-3)/28). What is the highest common divisor of g and x?
21
Let z be (-12)/(-15) + (3 - 3/(-15)). Suppose 3*q + 2*u = z*q - 293, 4*u = -3*q + 909. Suppose q = 6*w - 541. Calculate the highest common factor of 20 and w.
20
Let v(r) = 5*r**3 - 205*r**2 + 5*r - 125. Let m be v(41). Calculate the highest common divisor of m and 2090.
10
Let z be 6*(114 - -2*(-1 + (-4)/8)). What is the highest common factor of 6882 and z?
222
Suppose -52*b - 24*b = 20*b - 360960. Calculate the greatest common factor of 80 and b.
80
Suppose 0 = -3*q + t + 16, t + 0*t = -3*q + 14. Suppose 0 = -5*x + 20, 24*c - 29*c + q*x = -2700. What is the highest common divisor of c and 34?
34
Let k = 19 - 10. Let j = 104 - 100. Suppose -4*v = -z - 77, v - 95 = -j*v + z. What is the highest common divisor of v and k?
9
Let n(q) = 55*q + 530. Let w be n(-8). Suppose -5*b - 92 = -362. What is the highest common divisor of b and w?
18
Let b = -739 + 478. Let z = -245 - b. Calculate the highest common factor of z and 656.
16
Let p be (12/10)/(7/245). Let s be ((-2)/4*7)/(2/(-60)). What is the highest common divisor of s and p?
21
Let a(y) = -6*y**2 - 7*y - 8. Let q(h) = h - 3. Let o(l) = -a(l) + 3*q(l). Let f be o(-2). Calculate the highest common factor of 27 and f.
3
Let o = 348 + -351. Let h(u) = -75*u + 35. Let n be h(o). What is the greatest common divisor of n and 104?
52
Let m = 281 - 227. Suppose -5*g - 2*o - 5 = -89, -g